{"id":24274,"date":"2026-04-19T08:01:04","date_gmt":"2026-04-19T08:01:04","guid":{"rendered":"https:\/\/lemanspremus.fr\/?page_id=24274"},"modified":"2026-04-19T08:01:04","modified_gmt":"2026-04-19T08:01:04","slug":"10eme-a-1ere","status":"publish","type":"page","link":"https:\/\/lemanspremus.fr\/index.php\/10eme-a-1ere\/","title":{"rendered":"10\u00e8me \u00e0 1\u00e8re"},"content":{"rendered":"","protected":false},"excerpt":{"rendered":"","protected":false},"author":1,"featured_media":0,"parent":0,"menu_order":0,"comment_status":"closed","ping_status":"closed","template":"","meta":{"_kad_post_transparent":"","_kad_post_title":"","_kad_post_layout":"","_kad_post_sidebar_id":"","_kad_post_content_style":"","_kad_post_vertical_padding":"","_kad_post_feature":"","_kad_post_feature_position":"","_kad_post_header":false,"_kad_post_footer":false,"_kad_post_classname":"","footnotes":""},"_links":{"self":[{"href":"https:\/\/lemanspremus.fr\/index.php\/wp-json\/wp\/v2\/pages\/24274"}],"collection":[{"href":"https:\/\/lemanspremus.fr\/index.php\/wp-json\/wp\/v2\/pages"}],"about":[{"href":"https:\/\/lemanspremus.fr\/index.php\/wp-json\/wp\/v2\/types\/page"}],"author":[{"embeddable":true,"href":"https:\/\/lemanspremus.fr\/index.php\/wp-json\/wp\/v2\/users\/1"}],"replies":[{"embeddable":true,"href":"https:\/\/lemanspremus.fr\/index.php\/wp-json\/wp\/v2\/comments?post=24274"}],"version-history":[{"count":1,"href":"https:\/\/lemanspremus.fr\/index.php\/wp-json\/wp\/v2\/pages\/24274\/revisions"}],"predecessor-version":[{"id":24275,"href":"https:\/\/lemanspremus.fr\/index.php\/wp-json\/wp\/v2\/pages\/24274\/revisions\/24275"}],"wp:attachment":[{"href":"https:\/\/lemanspremus.fr\/index.php\/wp-json\/wp\/v2\/media?parent=24274"}],"curies":[{"name":"wp","href":"https:\/\/api.w.org\/{rel}","templated":true}]}}